of m(-6).
2, 1193
Let r(x) = -18*x**3 - 5*x**2 + x + 5. Let d be r(-3). Let f = -160 + d. What are the prime factors of f?
283
Let a = -3441 - -8174. What are the prime factors of a?
4733
List the prime factors of 467104/9 + (-16)/40*(-30)/(-27).
2, 3, 5, 173
Let y(c) = 22*c**3 - c**2 - 2*c + 3. Let t(m) = -m**3 + 2*m**2 + 3*m + 2. Let l be t(3). Suppose 3*q - 2*q = l. List the prime factors of y(q).
3, 19
Suppose -18 = 15*t - 93. Suppose 2*b = -z - 2*b - 10, -16 = -2*z + 4*b. Suppose z*l - 40 = 4*m, l - t*m - 14 = 12. List the prime factors of l.
2
Suppose 12*r - 11*r = -217. Let m = 294 + r. What are the prime factors of m?
7, 11
Let j(p) = -5*p + 70. Let r be 10*(-2)/2 - -2. What are the prime factors of j(r)?
2, 5, 11
Suppose 0 = i + 2*i + 8976. Let c be (-3 + -6 + 10)*-28. List the prime factors of i/c - 3/(-21).
107
Let s be 5 - 14/((-56)/300). Suppose -5*p = -t - 199, 0*p = -4*p - t + 161. What are the prime factors of 35/s*4*p?
2, 5, 7
Let l = 15 + -11. Suppose 26 = -4*b + 2*f - l, 3*b - 2*f + 24 = 0. What are the prime factors of ((-310)/(-4))/(2 + b/4)?
5, 31
Let y(o) = 15*o**3 - o. Let k be y(1). Suppose k = -6*m - 10. List the prime factors of (m/(-8))/((-3)/(-348)).
2, 29
Suppose -70*k = -8*k - 3423454. List the prime factors of k.
55217
Suppose -2*u + 36826 = -18*o + 21*o, 0 = 2*o - u - 24560. What are the prime factors of o?
2, 7, 877
Suppose 127224 = 17*w - 51191. What are the prime factors of w?
5, 2099
Let f(z) = -12*z + 54. Let q be f(-6). List the prime factors of (632/14)/(36/q).
2, 79
Let q = 16 + -13. Suppose 5*f = -3*i + 1093, i + 4*i = -20. Suppose -5*l - 4*c + 81 = -238, q*l - 5*c = f. List the prime factors of l.
67
Suppose 12 - 18 = 2*s, 0 = 5*r + 4*s - 32138. What are the prime factors of r?
2, 5, 643
Suppose -7121 = -18*c + 10771. Suppose 9*v - 6*v - 2*w - c = 0, -v - 5*w + 354 = 0. What are the prime factors of v?
2, 167
Let v(r) = -14*r**2 - r - 46. Let n(g) = 29*g**2 + g + 95. Let b(c) = -2*n(c) - 5*v(c). List the prime factors of b(7).
11, 59
Let z(a) = 2*a + 69. Let r be z(-10). Let c = r + 309. List the prime factors of c.
2, 179
Let v(x) = -8*x**2 - 14*x - 14. Let z be v(7). Let l = z - -185. Let g = 494 + l. List the prime factors of g.
5, 7
Suppose -6*l + 3*l = -4*x - 18, 2*x + 10 = 2*l. List the prime factors of 352/3 + 11 + 31/x.
2, 59
Let l(v) = -2*v + 38. Let n(p) = 4*p + 1. Let c(x) = 3*l(x) + 12*n(x). What are the prime factors of c(4)?
2, 3, 7
Let f be (12/(-27))/((-2)/9 - 0). List the prime factors of f/(-10) + (-8)/((-80)/762).
2, 19
Let d = 53 + -50. Let b be (-38)/(-8) + d/(-4). Suppose y - 2*y + b*a = -33, 2*y - 46 = -2*a. What are the prime factors of y?
5
Suppose -5*i - 2934 = -d + 4807, 2*i + 30928 = 4*d. List the prime factors of d.
3, 859
Suppose -554821 = -28*x + 81591. What are the prime factors of x?
7, 17, 191
Suppose 14*z + 4*p + 44 = 10*z, -4*z + 3*p = 37. Let d(l) = -l**2 + 3*l + 4. Let b be d(4). List the prime factors of ((-20)/8 + b)/(1/z).
5
Suppose -2*t = -4*f + 66, -4*t - 87 - 57 = -4*f. Let o be (-5 - -83)/(-2) - 6/(-2). Let b = o - t. List the prime factors of b.
3
List the prime factors of ((-717558)/1180)/(12/(-10))*16.
2, 2027
Suppose -2*i - 4*n + 10837 - 2173 = 0, i - 4329 = -3*n. What are the prime factors of i?
2, 3, 241
List the prime factors of (-33)/(-9) + 20/(-12) + 3073.
3, 5, 41
Suppose -5*d - 9*q = -265687, 6*d - 4*d - 106321 = 3*q. List the prime factors of d.
2, 5, 1063
Suppose 32 = 2*p + 2*p. Let d(v) = -35*v + 280. Let m be d(8). Suppose m = p*r - 5*r - 162. List the prime factors of r.
2, 3
Let g = 620 + -28. Suppose 11*r + 5*r - g = 0. What are the prime factors of r?
37
Suppose -834117 - 520257 = -34*z - 8*z. List the prime factors of z.
3, 3583
Let a(u) = -7 - 33*u**2 + 8 + 8 - 14*u + 10*u**2. Let l be a(5). What are the prime factors of (l/(-8))/(3/8)?
2, 53
Suppose -127*r + 931114 = -26466. What are the prime factors of r?
2, 5, 13, 29
Let x be ((-1)/(-2) + 0)*(5 + -3). Let w = x - -4. Suppose -4*d = -d - m - 118, 0 = d + w*m - 66. What are the prime factors of d?
41
Suppose -517076 + 3396672 = 212*f. What are the prime factors of f?
17, 47
Let s be -3 + 0 + 1 + 1 - 0. Let u be 4/(0 + s)*17/(-34). Suppose -5*n = u*n - 525. List the prime factors of n.
3, 5
Let u(y) be the second derivative of -149*y**3/6 - 20*y**2 - y + 1. What are the prime factors of u(-2)?
2, 3, 43
Suppose 98888 + 130936 = 32*r. List the prime factors of r.
2, 3, 7, 19
Let v be ((-4556)/(-8))/((-6)/(-12)). Let c = v + -467. List the prime factors of c.
2, 3, 7
Let d(y) = 25 + y + 9*y - 15 - 17. Let c(r) = -r**3 + r + 4. Let o be c(0). What are the prime factors of d(o)?
3, 11
Suppose -3*p + 3*t = -150, -2*p = -4*p - t + 103. Let c = 53 - p. Suppose 365 = 5*h - 5*b, 6*b - 128 = -2*h + c*b. List the prime factors of h.
2, 5, 7
Let j = -13 + 20. What are the prime factors of (1230/12 - j)*4/2?
191
Suppose 18*k = 665 - 71. Suppose -2583 = -6*v - k. List the prime factors of v.
5, 17
Suppose 261986 = -53*r + 286182 + 605974. What are the prime factors of r?
2, 5, 29, 41
Suppose -3730063 + 493827 = -47*m - 26*m. List the prime factors of m.
2, 11083
Let v(l) = -l**3 - 3*l**2 + 7*l - 3. Let p be v(-5). Suppose x = p*x - 110. Suppose x = q - 13. List the prime factors of q.
23
Let i(z) = z**3 + 24*z**2 - 965*z + 90. List the prime factors of i(-42).
2, 3, 739
Suppose 40*q - 44*q - 24 = 0. Let f = -1 + -3. List the prime factors of 1015/15 - f/q*1.
67
Let b(y) = 5792*y**2 - 32*y + 3. What are the prime factors of b(1)?
3, 17, 113
Suppose 4*j = 2*p + 464, 0 = 6*j - 2*j - 4*p - 472. Let q = j - 63. List the prime factors of q.
3, 17
List the prime factors of (100/(-20) - -28979) + -5.
59, 491
List the prime factors of ((-24)/(-20)*9)/(31/((-3161070)/(-44))).
3, 103
Let v = 32694 + -9412. List the prime factors of v.
2, 7, 1663
Let z(q) = -1150*q + 92. What are the prime factors of z(-25)?
2, 3, 11, 19, 23
Let i(b) = b**3 + 15*b**2 - 22*b - 29. Suppose -6 = -5*h - 76. What are the prime factors of i(h)?
5, 19
Suppose 120*s - 7*s + 75*s - 17774084 = 0. What are the prime factors of s?
94543
Let v be (2 - 5) + (-2 - 2). Let h(p) = -p - 5. Let f be h(v). Suppose 0*n - 3*c = 2*n - 1, -2*c = -f*n + 26. List the prime factors of n.
2
Suppose -4*y + 50 = -6. What are the prime factors of 4/(-14) + (14976/y)/6?
2, 89
Let r(m) = m**3 - 6*m**2 + 3*m + 3. Let h(j) = -3*j**3 + 18*j**2 - 10*j - 8. Let b(k) = -3*h(k) - 8*r(k). What are the prime factors of b(6)?
2, 3
Suppose h + 555 = 550, 4*h + 74 = 3*x. Let f(y) = y**3 + 2*y + 4. Let l be f(4). Let p = l - x. What are the prime factors of p?
2, 29
Suppose 2*r = -3*z - 3*r + 2, 16 = 3*z - 2*r. Suppose 0 = -4*t + 2*d + 2250, 0 = z*t + 2*d + d - 2235. List the prime factors of t.
3, 11, 17
List the prime factors of (1/(-9))/(69/(-30347649)).
48869
Suppose 2*f + 974 = 7842. What are the prime factors of f/10 + -1*(-6)/(-15)?
7
Let i be ((3/(-15) - 0) + 3)*355. Suppose -2*x = -2*n - 502, 4*x + n + 0*n = i. Let s = -147 + x. List the prime factors of s.
2, 3, 17
Suppose d - 4*p = -21 - 48, -4*d - 262 = -2*p. Let w = 2080 - 2240. Let l = d - w. List the prime factors of l.
5, 19
Let w = 101 + -150. Let b be w/(-14) - (-10)/4. Suppose -353 = b*h - 1469. List the prime factors of h.
2, 3, 31
Let g(i) = -55*i + 22. Suppose 4*h - b = -33, -11 = -2*b - 1. Let x be g(h). Suppose -d - 186 = -2*u - 5*d, 4*u = -d + x. List the prime factors of u.
103
Suppose 0 = n - 0 - 1. Suppose 52*x = 49*x + 2*r + 14, -3*r + 13 = 4*x. List the prime factors of 4 + (312/x)/n.
2, 41
Let m be 101 - -2*(-27)/(-6). Let t be 9/((-1)/2 - 0). Let x = m + t. What are the prime factors of x?
2, 23
Suppose 8*x = 31 + 17. Let j(h) = -7*h - 22 + 6 + x. What are the prime factors of j(-4)?
2, 3
Suppose 5*h - 4*x + 353 = 0, 0 = h + h + 5*x + 161. Let q = h + 79. List the prime factors of q.
2, 3
Suppose 7*b - 9*b = -20. Suppose -40*v + 38*v = -b. List the prime factors of 233/v + (-21)/35.
2, 23
Let d(n) = 7*n**2 + 5*n + 2. Let a(b) = b**3 + 12*b**2 - 28*b - 2. Let q be a(-14). Let y be d(q). List the prime factors of 3 - -14 - y/(-5).
3, 7
Suppose -2*i - 29315 = -w, -40*w + i = -39*w - 29313. List the prime factors of w.
29311
Let v(h) = 23*h**2 + 2*h + 81. List the prime factors of v(16).
17,